 f be 24/30*(2/4 - -2). Let j(t) = -4*t + 1. What is j(f)?
-7
Let p be 9/(162/528) + 2/(-6). Suppose 5*b + 19 = -x, 7*x - 3*x - b - p = 0. Let k(v) = -v**2 + 6*v. Calculate k(x).
0
Let a(b) = -b**2 - b - 9. Let l(x) = x**2 + x + 9. Let d(f) = -4*a(f) - 5*l(f). Suppose -5*v + 9 = -2*v. Suppose 0*h = v*h. Determine d(h).
-9
Suppose 2*m + 29*f - 32*f + 3 = 0, 0 = -5*f + 15. Let h(l) = 3*l. What is h(m)?
9
Let y(w) = 2*w**2 + 11*w - 15. Suppose 0 = b - 5*b + 2*j - 26, 0 = 2*b - 3*j + 11. Let l be y(b). Let f(q) = -q**2 + 7*q + 3. Calculate f(l).
9
Let d(l) = -4*l**3 + 14*l**2 - 26*l + 9. Let k(f) = -f**3 + 2*f**2 - f + 1. Let c(s) = -d(s) + 5*k(s). What is c(-7)?
-4
Let l(f) = -2*f - 15. Let k = 1393 + -1405. What is l(k)?
9
Suppose 3*o - 6 = -21. Let q(a) be the third derivative of -a**5/60 - a**4/4 - 7*a**3/6 - 8*a**2. Give q(o).
-2
Let d = -42 - -41. Let x(z) = 3*z. Let s(y) = 10*y. Let w(u) = -2*s(u) + 7*x(u). Determine w(d).
-1
Let l(v) = 4*v**2 - v - 3. Let r(c) = c**3 - c**2. Let u(f) = l(f) + r(f). Let p be u(-3). Let s(j) = -7*j - 11*j + j + 11*j + 7*j + 10. Give s(p).
10
Let w(v) = v**2 + 7*v + 6. Let t(a) = -2*a**3 - 3*a**2 - a + 4. Let b be t(-3). Let k = -38 + b. What is w(k)?
-6
Let f(y) be the first derivative of -1/2*y**2 - 18 - 8/3*y**3 + y. Determine f(1).
-8
Let g(x) = 2*x - 8. Let i be g(8). Let c(q) be the second derivative of -q**5/20 + 2*q**4/3 + 3*q**2/2 + 961*q - 1. Calculate c(i).
3
Let i(p) = -p**3 + p**2 - p. Let o(n) = n**3 + 19*n**2 + n + 17. Let y be o(-19). Determine i(y).
14
Let w = 29/9 - 107/36. Let t(l) be the first derivative of w*l**4 + 8 + 9*l + 0*l**2 + 0*l**3. Determine t(0).
9
Let c(x) = -24*x + 1. Suppose 2 = -l + a, 0 = 3*l - 4*a + 21 - 12. Calculate c(l).
-23
Let b = 964 + -965. Let w(l) = -2*l - 2. Let v(u) = -3*u - 3. Let j(p) = -3*v(p) + 4*w(p). Determine j(b).
0
Let f be -5 + 8 + 1 - -7. Suppose -f*c + 24 = -3*c. Let h(v) = -8*v + 1. Calculate h(c).
-23
Suppose 5 = -31*u - 274. Let q(r) = -r**2 - 12*r + 4. Calculate q(u).
31
Let z(l) = l**3 + 0*l**2 - 5*l + l**2 + 4*l. Let f(i) = -17*i**3 - 5*i**2 + 6*i + 1. Let b(a) = f(a) + 5*z(a). Give b(-1).
12
Let s(f) be the third derivative of -f**2 + 1/3*f**3 + 5/24*f**4 + 1/120*f**6 + 0*f - 1/10*f**5 + 0. Let t(r) = r**2 - 9*r + 4. Let k be t(9). Determine s(k).
-10
Let m(f) = -f**2 + f - 1. Let y(a) = -5*a**2 - 4*a - 10. Let d(c) = 4*m(c) - y(c). Let j = 148 + -152. Determine d(j).
-10
Let h(w) = w + 3. Let x(r) = 1. Let i(j) = h(j) + 3*x(j). Let b = 38 - 30. Let z be 3/(-6) + 4/b. Calculate i(z).
6
Let x(u) = -6*u**2 + 4*u - 25. Let p(t) = 11*t**2 - 7*t + 49. Let w(s) = 3*p(s) + 5*x(s). Let g(m) be the first derivative of w(m). Give g(1).
5
Let s be (8/20 + (-2)/5)/(-2). Let r(h) = -h - 36. Give r(s).
-36
Let v be (12/20 - 99/90)*-4. Let l(h) be the second derivative of h**v + 0 - 7*h + 1/6*h**3. Determine l(3).
5
Let x(f) = -f**3 - 52*f**2 + 222*f - 109. Let u be x(-56). Let g(z) = z**3 + z**2 + 2*z - 1. Determine g(u).
41
Let g(w) = 4*w - 34. Let m be g(9). Let r(y) = 6*y + 2*y - 3*y**m + y**2 - 6 - y**3 + 7*y**2. Let v be ((-6)/(-8))/((-2)/(-16)). Calculate r(v).
6
Let c(r) = 5*r**3 + 7 - 4*r - 4 - 4*r**3. Let p(w) = w**2 + w + 3. Let f be p(0). Let y be (2 - -3 - f) + 0. Give c(y).
3
Let x be (10/(-40))/(35/40 + -1). Let z(b) = -12*b + 9. Calculate z(x).
-15
Let b(d) be the first derivative of -1/3*d**3 - 3/2*d**2 + 6 - d. Let p = -2 - 3. What is b(p)?
-11
Suppose -2*y - 2*s = y + 7, -2*y + 5*s = -8. Let w be y + 4 + 2 - (0 - 1). Let h(b) = b**3 - 5*b**2 - 8*b. Give h(w).
-12
Let g(k) = 11*k - 3. Let d = -32 - -23. Let s(t) = -43*t + 13. Let c(z) = d*g(z) - 2*s(z). Give c(1).
-12
Let n(p) = -16*p - 53. Let w(q) = 7*q + 25. Let a(x) = -2*n(x) - 5*w(x). Calculate a(-14).
23
Let c = -3 + 7. Let y be 1 - -3*c/12. Suppose 0 = 5*t + 8 + y. Let g(u) = -9*u - 3. Calculate g(t).
15
Let d(i) be the second derivative of -1/3*i**3 + 7/2*i**2 - 2*i + 5. Let g = -1 + 6. What is d(g)?
-3
Let f(b) = b**2 + 4*b + 3. Let n(k) = k - 14. Suppose -4*y = y - 60. Let p be n(y). Let o = p + -3. Determine f(o).
8
Let j(y) = -y**2 + 2*y. Suppose 0 = -16*x + 31 + 1. Give j(x).
0
Let g(h) = h**2 - 7*h + 2. Let x be 5/((-30)/21)*2*-1. Calculate g(x).
2
Let q(k) = -k**3 + 2*k**2 + 3*k - 4. Let z be q(3). Suppose -20 = -4*f, g - 3*g = -2*f + 6. Let t(d) = 1 - 7*d + g*d - 1 - 1 - d**2. Determine t(z).
3
Let a(q) be the first derivative of -3 + 0*q + 1/2*q**2. Determine a(2).
2
Let d(l) = -l**2 + 12*l. Let q be ((-18)/(-33)*1)/(17/374). Give d(q).
0
Let p(s) = -4 + 59*s + 6 - 13 - 58*s - 8. What is p(23)?
4
Suppose -240 = -2*p + 2*i, -3*i + 7*i - 636 = -5*p. Let n(g) = 121 - 241 - g + p. Calculate n(0).
4
Let n = 658 + -655. Let h(u) be the third derivative of 1/8*u**4 + 11*u**2 - u**n + 0*u + 0. Calculate h(4).
6
Suppose 2*y - 5*w = 12, 0*y + w = -y - 1. Let f(r) = 7*r - 10. Calculate f(y).
-3
Let w(k) = -22*k**3 - 4*k**2 - k + 4. Let a(d) = 43*d**3 + 7*d**2 + 2*d - 7. Let n(g) = -3*a(g) - 5*w(g). Determine n(1).
-20
Let l(n) = 8 + 2 - 4 - n + 6 + 0. Let r = 5 + 0. Calculate l(r).
7
Let f(w) = -w**3 + 6*w**2 + 7*w + 1. Suppose -3*p + p = -6. Let q be p/2 - (-2)/(-4). Suppose -2*s - 6 = -5*b, 2*s - 4*b - q = -3. Calculate f(s).
1
Let j(p) = p**2 - 10. Let v be j(5). Let a = -9 + v. Let s(b) = a + b**2 + 0*b**2 - b - 4*b. Give s(5).
6
Let c(v) be the first derivative of v**4/4 + 2*v**3 + v**2 + 5*v - 35. Give c(-6).
-7
Let a(g) = g**3 + 6*g**2 + 6. Let m(i) = -6*i + 3. Let l be m(1). Let d be (-2 - (-1 + 2)) + l. What is a(d)?
6
Suppose 32*t = 27*t + 31695. Let q(b) = 3 - 6 + t*b - 6346*b. Give q(-3).
18
Suppose 0 = 51*x - 48*x + 18. Let y(w) = w**2 + 4*w - 3. What is y(x)?
9
Suppose 3*m = s + 20, -15 = 4*s - s. Let h(f) be the first derivative of f**4/4 - 4*f**3/3 - f**2 - 6*f + 22. What is h(m)?
9
Let w(l) = -7*l**2 + 2*l + 1. Let p be w(-1). Let m be -7 - p - (1 + -1). Let z be m/(3/(-18)*1). Let h(g) = g**2 + 6*g - 8. Give h(z).
-8
Let w = 177 - 173. Let y(f) be the second derivative of 5/6*f**3 + 0 - f - 5/2*f**2 - 1/12*f**4. Give y(w).
-1
Let y(d) = -2*d + 2. Let n(g) = g**2 + 19*g - 21. Let h be n(-20). Let k be (-3 - (-8)/(-2))*h. Determine y(k).
-12
Let r(c) = -7*c + c - 4*c. Let v(s) be the second derivative of s**3/6 - 5*s**2/2 + 9*s. Let q be v(4). Determine r(q).
10
Let g(r) be the second derivative of r**3/2 + 3*r**2/2 - 18*r. Let i(u) = 2*u + 2. Let z(t) = -5*g(t) + 7*i(t). Determine z(-3).
2
Let x(m) = -m**3 - 12*m**2 + 2*m + 3. Let v(p) = 3*p**3 + 35*p**2 - 6*p - 9. Let l(a) = -6*v(a) - 17*x(a). What is l(-6)?
-9
Let d = -729 + 717. Let j(r) = r**2 + 7*r - 6. Calculate j(d).
54
Let c be 133/(-38) + 2/4. Let n(r) be the first derivative of -3*r**2/2 + r - 15. Give n(c).
10
Let i(j) be the third derivative of -j**6/120 + j**5/3 + j**4/12 - 5*j**3/2 - 258*j**2. Give i(20).
25
Let s(w) = 9*w - 65. Let p be ((-24)/(-10))/((-68)/40 + 2). Let j be s(p). Let b(r) = r**2 - 6*r - 7. Determine b(j).
0
Let h = -16 - -13. Let l(o) = -o**2 + 1 - 428*o + 214*o + 2*o**2 + 217*o. Give l(h).
1
Suppose 18 = 2*h - n + 5*n, 2*n - 6 = 0. Let v(i) = -i**2 + 113*i - 51*i - 3 - 60*i. What is v(h)?
-6
Let p(v) = -v + 3. Let k = 33 - 29. Suppose -3*t + 5*c + 6 = -3, k*t - 35 = -c. What is p(t)?
-5
Let c(t) = t**3 - 10*t**2 - 3*t + 8. Let a = -155 - -165. Determine c(a).
-22
Let a(l) be the second derivative of -1/3*l**4 - 5/2*l**2 + l**3 - 1/20*l**5 + 0 - 22*l. What is a(-6)?
31
Let d(a) = -2*a**2 - 10*a**2 + 562*a - a**2 - 559*a - 11. Let l(k) = -7*k**2 + 2*k - 6. Let j(g) = -6*d(g) + 11*l(g). Give j(-4).
0
Let m be 2*(20/8 - 1). Let n(u) = 3*u**2 + 3*u - 6*u**m - u**3 - 3 + 6*u**3. Determine n(4).
-7
Let r(p) = p**2 - 18*p + 2. Let l(d) = 3*d + 1. Let n(x) = 4*l(x) + r(x). Determine n(7).
13
Let x(z) = -15*z**2 + 11*z - 5. Let c(i) = -19*i**2 + 11*i - 4. Let o(d) = 4*c(d) - 5*x(d). Determine o(-11).
9
Let p = -6 - -11. Let i = p - 5. Let j(v) = -2*v**2 + v. Let l(y) = -11*y**2 + 6*y + 12. Let o(k) = -6*j(k) + l(k). Give o(i).
12
Let m = 7 - 11. Let j be -1 + m + 2/(-2). Let x(r) = -r - 1 + 0 + 0*r - 1. Determine x(j).
4
Let x be (-20)/12*(2 + -5). Let a = 15 - x. Let y(l) = -a*l + 6*l - l**2 + 5*l. What is y(3)?
-6
Let r(w) = -3*w**2 + 2. Let l(h) = -5*h**2 + 2 - 3*h + 3*h - 3*h + 4*h**2